-2).
4
Evaluate 0 + (2 - (-1 - 2)).
5
What is (2 - -1) + 0 + -3 + 1?
1
What is (-3 - 0) + (-46 - -47)?
-2
(-2 - -6) + (-6 - 0)
-2
What is -20 + 0 - (128 + -140)?
-8
What is the value of -3 - (-1 - 1 - (2 - 1))?
0
What is 17 + -12 + (-7 - 7)?
-9
Evaluate 3 + 3 + -2 + -2.
2
What is the value of 1 + (8 - 5) - 1?
3
What is -3 - (-3 - (-1 + 4))?
3
What is the value of (-15 + -4 - -9) + 5?
-5
What is the value of 2 - 8 - (-15 + 7 - -8)?
-6
Evaluate -15 - (11 - 20) - -15.
9
1 + (-4 - (-6 - -3)) - -5
5
What is (20 - 15) + 0 + -1 + -4?
0
Evaluate 21 + -14 - (-2 - -16) - -1.
-6
Evaluate 9 + -2 + 0 + (20 - 22).
5
18 - 26 - (1 - 9)
0
Calculate 0 + (-5 + 8 - 4).
-1
Evaluate 1 + (8 - 4) + -3.
2
Evaluate 13 + (-8 - 2) - 2.
1
-2 - (11 + -5 - 7)
-1
6 - (9 - 5) - 4 - 4
-6
What is the value of (-1 + -3 - -10) + -4 - 4?
-2
Evaluate -7 + -1 - -8 - 5.
-5
What is 0 - (-5 + (1 - -7 - -3))?
-6
Calculate -1 - (8 + 6 + -8) - -14.
7
Calculate 7 - (-1 + 3 + 0 + 0).
5
What is 6 + 1 + -4 + -2 + 2?
3
What is the value of 1 - (4 - 3 - -2) - 3?
-5
(-3 - 0) + (5 - 2)
0
Evaluate (4 - (3 + -7 - -4)) + -1.
3
What is -6 + 6 + (7 + 1 - 2)?
6
Evaluate -2 + (3 - -1) - -1.
3
Evaluate 3 + 10 + -30 + 23.
6
What is the value of 0 - (5 + -2 + -2 + -4)?
3
What is the value of 1 - 4 - (2 + -6)?
1
Evaluate -4 + 1 - -10 - (-19 - -32).
-6
What is the value of -4 - (4 + 1 - (2 - -2))?
-5
1 + -4 - 2 - 0
-5
Evaluate (2 - 4) + 0 - (2 + 1).
-5
Calculate -6 + (-6 + 20 + -1 - 3).
4
(6 - (0 + 1 - -1)) + -7
-3
What is 18 - (13 + 2 - (12 + -5))?
10
What is the value of -1 - -2 - (-14 + (13 - -1))?
1
Evaluate 5 + -18 + (3 - -15).
5
Calculate 2 - (-7 - -12 - 1).
-2
Calculate 8 + -1 - (7 + -5 - -2).
3
What is the value of -1 - -4 - (7 - (-1 - -2))?
-3
3 - -5 - (-3 + 9 + -1)
3
1 + 3 + -7 + 9 - -1
7
What is -5 + 1 + 4 + -1 + -3?
-4
Calculate -5 + (-1 - -6) + -1 + -4.
-5
What is 1 - ((3 - -3) + -10 - 3)?
8
Evaluate -2 + 0 + 0 + 3 + 3.
4
What is the value of 13 - (7 + (7 - 7))?
6
Calculate 2 - (1 + 1 + 1 - -4).
-5
(14 - 11) + (-2 - -4)
5
Evaluate 6 + 1 + (7 + -2 - 7).
5
-3 + -2 + -3 + 8 + 3
3
Calculate 1 + (-5 - -4 - 5).
-5
0 + 5 + -4 - 3
-2
What is the value of (0 - 3 - -8) + -11?
-6
Evaluate -4 + 10 + (1 - 5).
2
Evaluate -2 - (-3 - 8 - -5).
4
Calculate (-17 + -5 - -28) + (-3 - 1).
2
What is the value of -6 + (14 - (-1 + (6 - 3)))?
6
What is 7 + (-6 + 7 + -9 - -5)?
4
Calculate 4 - (15 - 2 - 4).
-5
-1 + 0 + -4 + 4
-1
Calculate 0 + (-6 - -11) - 2.
3
Calculate 10 - (17 + (-7 - -2)).
-2
Calculate (5 - -4) + -11 - (-6 - -14).
-10
Calculate -7 + -6 + 6 + 4 + 1.
-2
What is -309 - -302 - (2 + 0 - 1)?
-8
Calculate 7 + 1 - ((-14 - -19) + -2).
5
What is the value of 14 + -7 + (0 - (-6 + 5))?
8
-8 - -8 - -5 - 1
4
4 + (-1 - (6 - 2)) - 1
-2
What is the value of -2 + 8 - (-15 - (-35 + 18))?
4
1 + -2 + 2 + 2 - 4
-1
What is the value of 0 + -8 + (2 - -1)?
-5
Evaluate (6 - (-6 + 13)) + 3.
2
What is 8 + -1 - (-124 + 133)?
-2
(-1 - 2) + (3 - -3) - 8
-5
-5 - (0 - (-5 + 7))
-3
Calculate 1 - -5 - (-16 + 23).
-1
Calculate 4 - (-8 + 2 - (-3 + -1)).
6
(-10 - (6 + -6)) + -4 + 5
-9
Evaluate -1 + 13 - (9 + -7).
10
What is the value of 6 + 0 - ((14 - 6) + -3)?
1
What is 0 + (4 - 0) + -5?
-1
Evaluate -10 + (3 - (-5 + -5)).
3
(3 - 0) + (-5 - 4)
-6
What is 6 - (0 + 4 - 2)?
4
What is -2 + 2 + -1 - -3?
2
What is the value of (-6 - 3) + 1 + 3?
-5
Calculate -2 - (-1 - -2 - 0 - -1).
-4
Calculate 0 - (-4 + 4 - -3).
-3
Calculate (13 - (0 + 21)) + -3.
-11
Evaluate -1 + 2 - 2 - (26 - 24).
-3
Calculate 15 + -9 + 6 + -6.
6
Evaluate 2 - ((3 - -3) + 0) - 1.
-5
Evaluate 10 + -24 + 9 + 3 + 0.
-2
Evaluate -1 + 3 - (9 - 2).
-5
Calculate -2 + (2 - -3 - 2) + 1.
2
What is 25 + -24 + 1 + -1?
1
-2 + -10 + 7 - 4
-9
Evaluate -4 + 2 + 3 + -4.
-3
Calculate 0 - (2 - 4) - 2.
0
Calculate -18 - -8 - 0 - -6.
-4
What is 5 - (0 - -2 - (6 + -5))?
4
What is 2 + -3 + (-1 - 2) + 2?
-2
What is 0 + -3 - (-9 - (-6 - -3))?
3
What is the value of (15 - 18) + (1 - -1)?
-1
What is -3 - (-11 - -26 - 27)?
9
What is the value of -11 + (-3 - -3) - -7?
-4
Calculate 0 - (1 + -1 + 1).
-1
Evaluate -1 + 16 - 3 - 6 - 6.
0
What is the value of 4 + -4 + 7 + -10?
-3
-8 - -7 - (2 + -5)
2
Calculate 2 + 1 + -1 + (-3 - -3).
2
-175 + 167 - (-1 - 8)
1
What is the value of 4 - (4 + -3 + 0 + 5)?
-2
What is the value of 6 + -4 - (-1 - 0)?
3
What is the value of -1 + -5 + (-1 - -2)?
-5
Calculate 4 + -4 + 24 + -7 + -7.
10
(1 + 1 - 3) + (-39 - -35)
-5
-1 + -7 + (7 - 0)
-1
Evaluate -7 + -5 + 4 + 13.
5
What is the value of (11 - (-3 - -12)) + 0?
2
Evaluate 1 + 11 + (14 + 2 - 22).
6
What is the value of -22 - -7 - (-26 + 21)?
-10
What is the value of -3 - (-5 - (-4 - -1 - -1))?
0
Calculate 6 + -4 + 7 + -14.
-5
Evaluate -8 - (-10 + 12 + -2).
-8
What is (-1 - 3) + (-3 + 4 - -2)?
-1
What is the value of 0 - ((7 - 4) + (-3 - 0))?
0
What is the value of (5 - 9) + 6 - -3?
5
What is the value of 6 + (3 - (3 + 3)) + -9?
-6
(19 - 13) + (-6 - (-2 + 2))
0
Calculate -48 - -49 - (2 + 0).
-1
What is the value of -10 + 19 + (-4 - 4) + 4?
5
What is -11 - (-6 - (0 + 0))?
-5
Evaluate (2 - 1 - 1) + 4 + 0.
4
(-6 + 5 - -11) + -6
4
Evaluate -1 - (-4 + 3) - (-3 + 1).
2
Evaluate -4 - (-4 + -3 - -3).
0
What is the value of (0 - (2 + -7)) + -68 + 68?
5
What is the value of 3 - (4 + -2) - 4?
-3
What is the value of (-13 - -3) + 12 - (2 + -5)?
5
Evaluate 4 - (-2 - 3) - 4.
5
What is the value of -4 - -4 - (-1 - -1) - 0?
0
What is the value of (8 - (-2 + 2)) + -7 - 7?
-6
What is the value of 3 + -3 - (6 + -3)?
-3
What is -1 + (-1 + 7 - 4 - -4)?
5
(9 - 4) + -6 - -1
0
Evaluate 11 + (-7 + 6 - 8).
2
Calculate (2 - (1 + 2)) + 3.
2
What is 22 + -34 - (-8 + 2) - -9?
3
Calculate 3 + 1 - (22 - 13).
-5
Evaluate -46 + 55 - (-1 + 10).
0
Calculate 5 - (-4 + 3 + 10).
-4
What is 3 + (2 - (5 + -5))?
5
Evaluate 4 + -4 + 2 + -7 - -8.
3
What is (7 - (3 + 2) - -5) + -12?
-5
Calculate -3 - (-2 - 1) - 0 - -4.
4
What is (4 - (-3 - -5)) + -8 + 3?
-3
1 + (9 + 0 + -4 - 2)
4
-10 - (-12 + -3) - (1 - -2)
2
What is 4 + (-3 - (1 - 1))?
1
6 - (1 + (-5 - -5) + 0)
5
What is (-5 - 4) + (0 - -4)?
-5
What is 1 + -3 + 19 + -15?
2
-6 + (5 + 2 - -4)
5
Evaluate -3 + 0 + -5 + 8.
0
Calculate -1 - (-10 + 2) - (56 + -50).
1
Evaluate 1 + 2 - (34 - 37).
6
What is 1 + (14 + -5 + -3 - 1)?
6
Evaluate (-5 + 4 - 0 - -3) + -1.
1
What is -15 + 12 - 1 - -3?
-1
Calculate 5 + -2 + -7 - 1.
-5
Calculate 2 + (-2 + 1 - -4).
5
Calculate 20 + -21 - (0 - -2).
-3
Calculate 7 - (-3 + -2 + 16).
-4
0 + 6 + (-2 - 3)
1
8 - (-9 + 8 - -5)
4
What is the value of 5 + -3 + 4 + -4?
2
Calculate -2 + 1 + 0 + (-2 - 0).
-3
What is (0 - -1) + (-2 - -1)?
0
Evaluate 15 + -25 + (4 - 0) + 3.
-3
-5 + -9 + 29 + -23
-8
What is (2 - (-1 + 0 + 2)) + 0?
1
What is -6 + (6 - 2 - -1)?
-1
What is -3 + (-1 + 2 - 5) + 5?
-2
Evaluate -10 - -5 - (2 - 7).
0
5 - 1 - (-5 + (7 - -5))
-3
What is the value of -2 - (-5 - (1 + -2))?
2
What is 4 - ((5 - 12) + 8)?
3
Evaluate 2 + -1 - (-5 + 1).
5
What is the value of 1 + -8 + 1 + 4 + 0?
-2
Calculate 0 - (1 + (0 - -2)).
-3
Evaluate 12 + (-3 + -5 - 0).
4
What is (6 - 5 - 4) + 9?
6
What is the value of -6 - (6 - (5 - 0) - 3)?
-4
Evaluate 5 - ((3 - 5) + -8 + 7).
8
Evaluate 8 + (-4 + 2 + 7 - 5).
8
4 - 17 - -15 - (8 - 2)
-4
What is -3 + 5 + -2 + -1?
-1
Evaluate -8 + (-10 - -5) + 8.
-5
Calculate -8 + -2 + 20 - 16.
-6
-7 + -3 + 7 + 5
2
What is the value of (-5 - (-7 - 13)) + (1 - 8)?
8
(-2 - -2 - 4) + 0
-4
Calculate 7 - ((0 - -2) + -6 + 12).
-1
What is -76 + 68 - (-15 + 1)?
6
Calculate -11 + 1 - (-5 + 1).
-6
What is the value of 5 - ((-6 - -4) + 7)?
0
2 + 1 + -4 + (0 - -6)
5
1 - (0 - (2 + (0 - 6)))
-3
Calculate -4 + 1 + (3 - 1).
-1
What is -7 + 6 + 1 + -3 + 0?
-3
(3 - 7) + -7 + 6
-5
Evaluate -7 + (-1 - (-6 - -5)).
-7
What is -12 - -14 - (0 + 4 + -1)?
-1
What is 7 + 9 + -6 + -5 + -6?
-1
What is -23 + 6 - -7 - -5?
-5
Evaluate 9 + (2 - 0) + -9.
2
-38 + 40 - (-4 + (-2 - -3))
5
Evaluate -2 + (-2 - -3 - 0 - 4).
-5
What is the value of 5 - ((7 - -5) + -8)?
1
Evaluate (4 - 0) + (131 - 128).
7
Calculate 2 + (-11 + 4 - -8).
3
What is the value of -3 - 1 - (-9 - (-19 + 8))?
-6
-3 - (3 - (12 - 0) - -3)
3
2 + 0 - (11 + -8)
-1
What is the value of (4 - 8 - -8) + -3 - -4?
5
What is -10 - (1 + -2 + -3)?
-6
Calculate (12 - (-5 + 25)) + 4.
-4
Calculate -2 - -1 - (1 + -4 + 0).
2
What is -4 - (-18 + 11) - (-9 - -2)?
10
Eva